{"id":6,"date":"2021-02-06T18:31:39","date_gmt":"2021-02-06T18:31:39","guid":{"rendered":"http:\/\/www.arhimama.com\/?page_id=6"},"modified":"2024-03-13T12:35:27","modified_gmt":"2024-03-13T12:35:27","slug":"about","status":"publish","type":"page","link":"https:\/\/www.arhimama.com\/?page_id=6","title":{"rendered":"O meni"},"content":{"rendered":"\n<figure class=\"wp-block-image size-large is-style-default\"><img loading=\"lazy\" decoding=\"async\" width=\"1024\" height=\"683\" src=\"https:\/\/www.arhimama.com\/wp-content\/uploads\/2021\/02\/Laura-1-1024x683.jpg\" alt=\"\" class=\"wp-image-153\" srcset=\"https:\/\/www.arhimama.com\/wp-content\/uploads\/2021\/02\/Laura-1-1024x683.jpg 1024w, https:\/\/www.arhimama.com\/wp-content\/uploads\/2021\/02\/Laura-1-300x200.jpg 300w, https:\/\/www.arhimama.com\/wp-content\/uploads\/2021\/02\/Laura-1-768x512.jpg 768w, https:\/\/www.arhimama.com\/wp-content\/uploads\/2021\/02\/Laura-1.jpg 1080w\" sizes=\"auto, (max-width: 1024px) 100vw, 1024px\" \/><\/figure>\n\n\n\n<p>Sem Laura. <\/p>\n\n\n\n<h2 class=\"wp-block-heading\">Pozdravljen\/a na moji spletni strani kjer bo\u0161 na\u0161el\/na\u0161la vse mo\u017ene tematike od arhitekture in oblikovanja, do vzgoje in izku\u0161enj iz dru\u017einskega \u017eivljenja. <\/h2>\n\n\n\n<h2 class=\"wp-block-heading\">Vabim te, da pobrska\u0161 med objavami in si prebere\u0161 kaj ve\u010d.<\/h2>\n\n\n\n<p>Za za\u010detek pa naj se predstavim:<\/p>\n\n\n\n<p>Moja prva strast \u017ee od otro\u0161tva sta Arhitektura in oblikovanje. \u0160e ko nisem vedela kaj to sploh je, sem si preurejala sobo, risala na\u010drte v merilu (en kvadratek je 10cm) v matemati\u010dne zvezke in razstavljala in sestavljala pohi\u0161tvo v sobi. Kasneje sem hitro ugotovila kam pes taco moli in se vpisala na Fakulteto za arhitekturo Univerze v Ljubljani, kjer sem leta 2016 tudi magistrirala. Obo\u017eujem potovanja, za kar sem izkoristila tudi mo\u017enost izmenjave in tako pol leta \u017eivela in \u0161tudirala v Pragi.<\/p>\n\n\n\n<p>Moja druga in \u0161e bolj pomembna strast pa je dru\u017eina &#8211; navihan Lukec, lepoti\u010dka Julija, kaskader Lovrenc ter mali kosmati me\u0161an\u010dek Ozi.<\/p>\n\n\n\n<p>Ljubiteljsko se ukvarjam z vsem mogo\u010dim. Rada si zastavljam osebne projekte, ki jih (pre)ve\u010dkrat ne dokon\u010dam. Pri nekaterih sem bolj, pri drugih manj uspe\u0161na. <\/p>\n\n\n\n<p>Spijem ogromne koli\u010dine kave in ob\u010dasno pri\u017egem cigaret. Prihajam iz Zasavja, kar se ve\u010dkrat odra\u017ea na moji osebnosti. Obi\u010dajno sem pretirano kriti\u010dna (predvsem do svojega dela) in glasna vendar me vedno razveseli prilo\u017enost za vneto debato&#8230; v kateri seveda pri svojem trmarim do konca.<\/p>\n\n\n\n<p>Ker je kova\u010deva kobila vedno bosa, je prav na\u0161e stanovanje popolnoma kaoti\u010dno ampak arhitekt za nas nima nikoli \u010dasa \ud83d\ude42  <\/p>\n\n\n\n<p>Tale blog je za vse, ki vas zanima kaj se zgodi, ko se v eni osebi zdru\u017eita trmoglava in zaletava punca, zagnana arhitektka, ki obo\u017euje svoje delo in mama predana svoji dru\u017eini.<\/p>\n","protected":false},"excerpt":{"rendered":"<p>Sem Laura. Pozdravljen\/a na moji spletni strani kjer bo\u0161 na\u0161el\/na\u0161la vse mo\u017ene tematike od arhitekture in oblikovanja, do vzgoje in izku\u0161enj iz dru\u017einskega \u017eivljenja. Vabim te, da pobrska\u0161 med objavami in si prebere\u0161 kaj ve\u010d. Za za\u010detek pa naj se predstavim: Moja prva strast \u017ee od otro\u0161tva sta Arhitektura in oblikovanje. \u0160e ko nisem vedela &hellip; <\/p>\n","protected":false},"author":1,"featured_media":0,"parent":0,"menu_order":0,"comment_status":"closed","ping_status":"closed","template":"","meta":{"footnotes":""},"class_list":["post-6","page","type-page","status-publish","hentry"],"_links":{"self":[{"href":"https:\/\/www.arhimama.com\/index.php?rest_route=\/wp\/v2\/pages\/6","targetHints":{"allow":["GET"]}}],"collection":[{"href":"https:\/\/www.arhimama.com\/index.php?rest_route=\/wp\/v2\/pages"}],"about":[{"href":"https:\/\/www.arhimama.com\/index.php?rest_route=\/wp\/v2\/types\/page"}],"author":[{"embeddable":true,"href":"https:\/\/www.arhimama.com\/index.php?rest_route=\/wp\/v2\/users\/1"}],"replies":[{"embeddable":true,"href":"https:\/\/www.arhimama.com\/index.php?rest_route=%2Fwp%2Fv2%2Fcomments&post=6"}],"version-history":[{"count":11,"href":"https:\/\/www.arhimama.com\/index.php?rest_route=\/wp\/v2\/pages\/6\/revisions"}],"predecessor-version":[{"id":644,"href":"https:\/\/www.arhimama.com\/index.php?rest_route=\/wp\/v2\/pages\/6\/revisions\/644"}],"wp:attachment":[{"href":"https:\/\/www.arhimama.com\/index.php?rest_route=%2Fwp%2Fv2%2Fmedia&parent=6"}],"curies":[{"name":"wp","href":"https:\/\/api.w.org\/{rel}","templated":true}]}}